*q**2 - 6*q - 3. Let l be j(y). What is the highest common divisor of l and a?
1
Let o(w) = -w**2 + 14*w - 9. Let b be o(13). Suppose 2*m = m + b. Suppose -u - 10 = m*u, -48 = -3*a + 3*u. What is the highest common factor of 42 and a?
14
Let n be 2/(-11) - (10023/(-11) + -2). What is the greatest common divisor of n and 44?
11
Suppose -3*p + 15 = -3*n, 6 + 3 = 3*n + 5*p. Let k be (-9)/n*5*(-4)/(-30). Suppose -k*f + 9 = -3. What is the greatest common divisor of f and 28?
4
Let c(x) = 116*x**3 - 17*x**2 + 41*x - 3. Let g be c(4). Calculate the highest common divisor of g and 71.
71
Suppose 28*f + 2841 = 23813. What is the greatest common factor of f and 56?
7
Let d be 14/77 + (-2726)/(-11). Suppose 0 = -5*b + 2*m + 85 + d, b = -2*m + 57. What is the greatest common factor of 13 and b?
13
Let x be (12 + -22)*(6/(-24) + (-1882)/8). What is the greatest common divisor of x and 60?
15
Suppose -5*r = s - 75463, -5*s = -11*r + 14*r - 45269. What is the greatest common divisor of 81 and r?
27
Let u = 21 + 13. Let y(j) = -7*j**2 - 21*j + 22. Let p be y(-10). Let v = -162 - p. Calculate the greatest common factor of u and v.
34
Let d be (-5 - -3)*(-5 - 0). Let x = -19 - -27. Suppose -b - 2*c + x = 0, 2*b + 3*c = 29 - d. What is the highest common divisor of b and 14?
14
Suppose 0*s = -m - s + 434, 0 = 4*m - 2*s - 1724. Suppose -14*y + 5*y + m = 0. Let c = y + -30. What is the greatest common factor of c and 144?
18
Let t be 48/(-36)*6 - -44. Let x be 1 - (-4 - (96 - 5)). What is the highest common factor of x and t?
12
Suppose -24 = 1025*u - 2051*u + 1023*u. Suppose 0 = -3*b + 8 + 7. Suppose 22 = b*i + 2. What is the greatest common divisor of u and i?
4
Suppose 9 = 3*g, l = -l + 4*g - 2. Let b(i) = -i + 14. Let r be b(l). Let q = -46 - -73. What is the highest common divisor of r and q?
9
Suppose 633*f - 669*f = -3672. What is the highest common divisor of 4947 and f?
51
Let d be ((-19800)/3)/(-10)*(2 + (-4)/(-3)). What is the highest common factor of 165 and d?
55
Let s(f) = 39*f**2 - 5*f - 4. Let m be 24/(-21) - (-30)/(-35). Let x be s(m). What is the highest common divisor of 12 and x?
6
Let q = 28 + 35. Let n = -516 + 339. Let f = 219 + n. Calculate the highest common divisor of q and f.
21
Let z = 7647 + -7049. What is the highest common divisor of z and 130?
26
Suppose 4*q - 37 - 7 = 0. Suppose -15 = q*k + 29. Let p be -16*(20/8 + k). What is the greatest common factor of 16 and p?
8
Suppose 31*k + 78*k - 33972 = -40*k. What is the highest common factor of k and 1539?
57
Let k(o) = -o**3 + 11*o**2 - 16. Let q be k(10). Suppose -109*y + q*y = -200. Calculate the highest common divisor of 172 and y.
4
Suppose -l + 1858 = 92*x - 93*x, -l + 1860 = -2*x. What is the highest common divisor of l and 116?
116
Let s(d) = d**3 + 5*d**2 - 5*d - 6. Let r(u) = -2*u**2 + 2*u. Let x be r(2). Let k be s(x). Calculate the greatest common factor of 10 and k.
10
Suppose -6*y + 6 = -5*y. Let q(f) = -y*f**2 + 10*f**2 - 5*f**2 - f**3 - 4*f - 4*f**2 + 7. Let w be q(-4). Calculate the highest common factor of w and 77.
7
Let h(m) = m**2 - 11*m + 12. Let i be h(10). Let f be 2 + (i - (-7 - 0)). Suppose 4*s - 111 = -f. What is the highest common divisor of 175 and s?
25
Let q be 3905 + (-11 - -19) + 14. What is the highest common divisor of 476 and q?
119
Let y = 153 - 148. Suppose 849 = 4*o + y*w, 5*w = 5*o + 7*w - 1074. Calculate the highest common divisor of 8 and o.
8
Let n = 11121 + -6645. What is the greatest common divisor of 84 and n?
12
Let b = -164 - -92. Let z = -118 - b. Let t = z + 57. Calculate the highest common factor of t and 11.
11
Suppose 2*d = -2*u + 13 - 1, 12 = -3*u. Let z = -11 + 18. Suppose -z*l + 2*l + 200 = 0. What is the greatest common divisor of d and l?
10
Let i = 21108 + -14605. Calculate the highest common divisor of i and 7.
7
Let r = 17 - 5. Let g(m) = 2*m**2 - 16*m - 51. Let t be g(r). Calculate the highest common divisor of t and 25.
5
Let t be 272/3 - 2/(-6). Suppose 5*x + 7*x - 24 = 0. Suppose 28*i = x*i + 182. What is the highest common divisor of i and t?
7
Let g be 12*(-1 - 7/(-4)). Let k = 806120 + -806057. What is the greatest common factor of k and g?
9
Suppose -q + 832 = -3*d - 3*d, 0 = -3*d + 12. Calculate the greatest common divisor of q and 12.
4
Let k = 63 + -30. Suppose -8*g - 9 = -k. Suppose -i = 5*d - 20, -g*d = -d - 4. Calculate the highest common factor of i and 10.
10
Let r = -68 - -88. Suppose 4*c - 3*x = 1643, 5*c - r*x = -18*x + 2045. What is the highest common factor of c and 11?
11
Suppose -14*s - 1088 = -30*s. Let b = 129 - s. What is the greatest common divisor of 671 and b?
61
Suppose -6*k + 5*k = 5*m - 279, -4*m - 4 = 0. What is the highest common factor of k and 156?
4
Let f = 14771 - 14741. Calculate the greatest common divisor of 2064 and f.
6
Suppose 2*u + 68 - 24 = 0. Let q = u - -78. What is the greatest common factor of q and 504?
56
Let v(i) = -19*i**2 + 763*i - 82. Let j be v(40). Calculate the highest common divisor of 665 and j.
19
Let z = -301 + 101. Let i be (((-396)/15)/1)/(30/z). What is the highest common factor of i and 132?
44
Let o be -4 - ((-6)/(-10) - (-376)/(-10)). Suppose -6*a = 53 - 515. Calculate the greatest common divisor of o and a.
11
Let p = 443 + -227. Suppose 0 = -13*i - 135 - p. Let m = 117 + i. What is the greatest common factor of m and 18?
18
Let m = 466 + -326. Let y = m - 80. Let g = -45 + y. What is the greatest common factor of g and 15?
15
Let t = 4879 + 8258. Calculate the highest common divisor of t and 87.
87
Let q be 3*((-6)/36)/(1/4). Let z(d) = -15*d - 20. Let r be z(q). Let l = 36 - r. What is the highest common divisor of 2 and l?
2
Suppose -2*s - 1192 = -r, -r = 158*s - 154*s - 1240. What is the highest common divisor of 44 and r?
4
Let f = -2735 + 2833. Let p(z) = 7*z**2 + 10*z - 21. Let x be p(7). Calculate the highest common divisor of x and f.
98
Let h = -20548 + 20694. Calculate the highest common factor of 18250 and h.
146
Let d be 0 + (43478/14 - -2) + 448/(-784). What is the greatest common factor of d and 39?
13
Let q(y) be the first derivative of y**4/4 - 5*y**3/3 - 41*y**2/2 + 4*y - 165. Let b be q(11). Calculate the highest common factor of b and 9.
9
Let x be 12 - ((-2)/(-4))/(7/42). Suppose -4*t = -j + 2 + x, -t = -j + 5. Suppose 0 = -11*d + 14*d - 45. Calculate the greatest common divisor of d and j.
3
Suppose -51*j - 72 = -47*j. Let u be (-3)/(-1 - -1 - -2)*j. Suppose 3*m + 3*k - 135 = 0, 2*m - 51 = k + u. Calculate the highest common divisor of 82 and m.
41
Suppose -5*g + 7 = 5*o - 438, -3*o = -5*g - 235. Let q = o + -149. Let z = -24 - q. What is the highest common divisor of 16 and z?
8
Let t be 17/(-22) - (-546)/2002 - (-101)/2. What is the greatest common factor of t and 790?
10
Suppose 2*o - 84 = 12. Suppose -5*d - w = -81, -d + 12 = -w - 3. What is the highest common factor of o and d?
16
Let l(o) = 35*o - 1. Let u be l(3). Let t be ((-737)/44 - 2)/(1/8). Let v be 4 + 3 - t/25. Calculate the greatest common divisor of v and u.
13
Suppose -15550 = -2*x - 3*w, 72*x - 2*w = 69*x + 23325. Calculate the greatest common divisor of 25 and x.
25
Suppose -3*u = -0*u - 141. Suppose -35*w = 65*w - 63*w - 19129. What is the highest common factor of u and w?
47
Suppose -717*j - 2400 = -732*j. Calculate the highest common factor of j and 1280.
160
Let h = -330 + 357. Let t = 599 - 32. Calculate the highest common factor of t and h.
27
Let w(r) = -14*r - 15. Let i be w(-3). Let n(v) = 4*v**2 + i - 8 + 10*v - 5*v**2. Let m be n(8). Calculate the highest common divisor of 70 and m.
35
Suppose 4*l - 1252 = -5*i, 2*l - 32*i = -28*i + 626. Suppose l = 3*y + 22. What is the greatest common factor of 679 and y?
97
Let y = -129 + 192. Let l = 587 - 398. Let n = l - 182. What is the highest common factor of n and y?
7
Suppose -5*u - 503 = 252. Let w = u + 181. What is the greatest common divisor of w and 10?
10
Let i be 63/(5 - (30/12 - -1)) - 0. What is the highest common divisor of i and 896?
14
Suppose 4*z + 2*j - 66 = 0, -2828*j = -z - 2831*j + 19. Let h = -137 - -313. What is the greatest common divisor of h and z?
16
Let j(h) = h - 17. Let s be j(12). Let v = 14 + s. Let d be (9/2)/((-2)/(-36)). Calculate the highest common factor of d and v.
9
Let b